{"id":9,"date":"2025-02-07T01:17:52","date_gmt":"2025-02-07T01:17:52","guid":{"rendered":"https:\/\/gae-sa.com.mx\/?page_id=9"},"modified":"2025-02-11T23:06:23","modified_gmt":"2025-02-11T23:06:23","slug":"mantenimiento","status":"publish","type":"page","link":"https:\/\/gae-sa.com.mx\/","title":{"rendered":"Mantenimiento"},"content":{"rendered":"<p>[et_pb_section fb_built=\u00bb1&#8243; _builder_version=\u00bb4.27.4&#8243; _module_preset=\u00bbdefault\u00bb background_enable_color=\u00bboff\u00bb background_image=\u00bbhttps:\/\/gae-sa.com.mx\/wp-content\/uploads\/2025\/02\/Fondo-Cortinilla-Medidor-Schneider.jpg\u00bb min_height=\u00bb100vh\u00bb hover_enabled=\u00bb0&#8243; background_last_edited=\u00bboff|phone\u00bb background_image_phone=\u00bbhttps:\/\/bauenhaus.mx\/wp-content\/uploads\/2023\/01\/Fondo-1080&#215;1920-1.jpg\u00bb background_enable_image_phone=\u00bbon\u00bb global_colors_info=\u00bb{}\u00bb title_text_phone=\u00bbFondo-1080&#215;1920&#8243; title_text=\u00bbFondo-Cortinilla-Medidor-Schneider\u00bb sticky_enabled=\u00bb0&#8243;][et_pb_row _builder_version=\u00bb4.16&#8243; _module_preset=\u00bbdefault\u00bb global_colors_info=\u00bb{}\u00bb][et_pb_column type=\u00bb4_4&#8243; _builder_version=\u00bb4.16&#8243; _module_preset=\u00bbdefault\u00bb global_colors_info=\u00bb{}\u00bb][et_pb_image src=\u00bbhttps:\/\/gae-sa.com.mx\/wp-content\/uploads\/2025\/02\/Logo-Gaesa.png\u00bb title_text=\u00bbLogo-Gaesa\u00bb align=\u00bbcenter\u00bb _builder_version=\u00bb4.27.4&#8243; _module_preset=\u00bbdefault\u00bb width=\u00bb50%\u00bb width_tablet=\u00bb\u00bb width_phone=\u00bb100%\u00bb width_last_edited=\u00bbon|phone\u00bb global_colors_info=\u00bb{}\u00bb][\/et_pb_image][et_pb_text _builder_version=\u00bb4.27.4&#8243; _module_preset=\u00bbdefault\u00bb header_text_color=\u00bb#252b5e\u00bb header_2_text_color=\u00bb#252b5e\u00bb header_2_font_size=\u00bb13px\u00bb header_2_letter_spacing=\u00bb5px\u00bb global_colors_info=\u00bb{}\u00bb]<\/p>\n<h1 style=\"text-align: center;\"><span>Nuestro sitio se encuentra en mantenimiento<\/span><\/h1>\n<p style=\"text-align: center;\"><span>Distribuidor Regional de Medidores de Energ\u00eda El\u00e9ctrica con Calidad de Potencia, marca Schneider-ION, mismos que cumplen con toda la normativa vigente de la Comisi\u00f3n Reguladora de Energ\u00eda.<\/span><\/p>\n<p>[\/et_pb_text][\/et_pb_column][\/et_pb_row][et_pb_row column_structure=\u00bb2_3,1_3&#8243; _builder_version=\u00bb4.27.2&#8243; _module_preset=\u00bbdefault\u00bb global_colors_info=\u00bb{}\u00bb][et_pb_column type=\u00bb2_3&#8243; _builder_version=\u00bb4.17.4&#8243; _module_preset=\u00bbdefault\u00bb global_colors_info=\u00bb{}\u00bb][et_pb_contact_form email=\u00bbkponce@gae-sa.com.mx, cotizaciones@gae-sa.com.mx\u00bb success_message=\u00bbGracias por contactarnos\u00bb submit_button_text=\u00bbEnviar\u00bb _builder_version=\u00bb4.27.4&#8243; _module_preset=\u00bbdefault\u00bb _unique_id=\u00bb9eebad7d-0a76-4d95-b6dd-aa25af6d2ad7&#8243; form_field_background_color=\u00bb#FFFFFF\u00bb title_text_align=\u00bbcenter\u00bb title_text_color=\u00bb#252b5e\u00bb custom_button=\u00bbon\u00bb button_text_color=\u00bb#FFFFFF\u00bb button_bg_color=\u00bb#ee7203&#8243; text_orientation=\u00bbleft\u00bb global_colors_info=\u00bb{}\u00bb][et_pb_contact_field field_id=\u00bbName\u00bb field_title=\u00bbNombre\u00bb _builder_version=\u00bb4.16&#8243; global_colors_info=\u00bb{}\u00bb button_text_size__hover_enabled=\u00bboff\u00bb button_one_text_size__hover_enabled=\u00bboff\u00bb button_two_text_size__hover_enabled=\u00bboff\u00bb button_text_color__hover_enabled=\u00bboff\u00bb button_one_text_color__hover_enabled=\u00bboff\u00bb button_two_text_color__hover_enabled=\u00bboff\u00bb button_border_width__hover_enabled=\u00bboff\u00bb button_one_border_width__hover_enabled=\u00bboff\u00bb button_two_border_width__hover_enabled=\u00bboff\u00bb button_border_color__hover_enabled=\u00bboff\u00bb button_one_border_color__hover_enabled=\u00bboff\u00bb button_two_border_color__hover_enabled=\u00bboff\u00bb button_border_radius__hover_enabled=\u00bboff\u00bb button_one_border_radius__hover_enabled=\u00bboff\u00bb button_two_border_radius__hover_enabled=\u00bboff\u00bb button_letter_spacing__hover_enabled=\u00bboff\u00bb button_one_letter_spacing__hover_enabled=\u00bboff\u00bb button_two_letter_spacing__hover_enabled=\u00bboff\u00bb button_bg_color__hover_enabled=\u00bboff\u00bb button_one_bg_color__hover_enabled=\u00bboff\u00bb button_two_bg_color__hover_enabled=\u00bboff\u00bb][\/et_pb_contact_field][et_pb_contact_field field_id=\u00bbEmail\u00bb field_title=\u00bbDirecci\u00f3n de correo electr\u00f3nico\u00bb field_type=\u00bbemail\u00bb _builder_version=\u00bb4.16&#8243; global_colors_info=\u00bb{}\u00bb button_text_size__hover_enabled=\u00bboff\u00bb button_one_text_size__hover_enabled=\u00bboff\u00bb button_two_text_size__hover_enabled=\u00bboff\u00bb button_text_color__hover_enabled=\u00bboff\u00bb button_one_text_color__hover_enabled=\u00bboff\u00bb button_two_text_color__hover_enabled=\u00bboff\u00bb button_border_width__hover_enabled=\u00bboff\u00bb button_one_border_width__hover_enabled=\u00bboff\u00bb button_two_border_width__hover_enabled=\u00bboff\u00bb button_border_color__hover_enabled=\u00bboff\u00bb button_one_border_color__hover_enabled=\u00bboff\u00bb button_two_border_color__hover_enabled=\u00bboff\u00bb button_border_radius__hover_enabled=\u00bboff\u00bb button_one_border_radius__hover_enabled=\u00bboff\u00bb button_two_border_radius__hover_enabled=\u00bboff\u00bb button_letter_spacing__hover_enabled=\u00bboff\u00bb button_one_letter_spacing__hover_enabled=\u00bboff\u00bb button_two_letter_spacing__hover_enabled=\u00bboff\u00bb button_bg_color__hover_enabled=\u00bboff\u00bb button_one_bg_color__hover_enabled=\u00bboff\u00bb button_two_bg_color__hover_enabled=\u00bboff\u00bb][\/et_pb_contact_field][et_pb_contact_field field_id=\u00bbMessage\u00bb field_title=\u00bbMensaje\u00bb field_type=\u00bbtext\u00bb fullwidth_field=\u00bbon\u00bb _builder_version=\u00bb4.16&#8243; global_colors_info=\u00bb{}\u00bb button_text_size__hover_enabled=\u00bboff\u00bb button_one_text_size__hover_enabled=\u00bboff\u00bb button_two_text_size__hover_enabled=\u00bboff\u00bb button_text_color__hover_enabled=\u00bboff\u00bb button_one_text_color__hover_enabled=\u00bboff\u00bb button_two_text_color__hover_enabled=\u00bboff\u00bb button_border_width__hover_enabled=\u00bboff\u00bb button_one_border_width__hover_enabled=\u00bboff\u00bb button_two_border_width__hover_enabled=\u00bboff\u00bb button_border_color__hover_enabled=\u00bboff\u00bb button_one_border_color__hover_enabled=\u00bboff\u00bb button_two_border_color__hover_enabled=\u00bboff\u00bb button_border_radius__hover_enabled=\u00bboff\u00bb button_one_border_radius__hover_enabled=\u00bboff\u00bb button_two_border_radius__hover_enabled=\u00bboff\u00bb button_letter_spacing__hover_enabled=\u00bboff\u00bb button_one_letter_spacing__hover_enabled=\u00bboff\u00bb button_two_letter_spacing__hover_enabled=\u00bboff\u00bb button_bg_color__hover_enabled=\u00bboff\u00bb button_one_bg_color__hover_enabled=\u00bboff\u00bb button_two_bg_color__hover_enabled=\u00bboff\u00bb][\/et_pb_contact_field][\/et_pb_contact_form][\/et_pb_column][et_pb_column type=\u00bb1_3&#8243; _builder_version=\u00bb4.17.4&#8243; _module_preset=\u00bbdefault\u00bb global_colors_info=\u00bb{}\u00bb][et_pb_text _builder_version=\u00bb4.27.4&#8243; _module_preset=\u00bbdefault\u00bb text_text_color=\u00bb#252b5e\u00bb link_text_color=\u00bb#ee7203&#8243; header_2_text_color=\u00bb#252b5e\u00bb global_colors_info=\u00bb{}\u00bb]<\/p>\n<h2 class=\"widget-info\"><strong>\u00a1Cont\u00e1ctanos!<\/strong><\/h2>\n<div class=\"widget-info\"><\/div>\n<div class=\"widget-info\"><a href=\"mailto:jguardado@energyandutilities.com.mx\">kponce@gae-sa.com.mx<\/a><\/div>\n<div class=\"widget-info\"><a href=\"mailto:jguardado@energyandutilities.com.mx\">cotizaciones@gae-sa.com.mx<\/a><\/div>\n<p><strong><span class=\"color-primary\"><\/span><\/strong><\/p>\n<p><strong><span class=\"color-primary\">Tel\u00e9fonos: <\/span><\/strong><a href=\"tel:3329763267\">(33) 2976 3267<\/a><span>\u00a0<\/span><a href=\"tel:3329763268\">(33) 2976 3268<\/a><\/p>\n<p><strong><span class=\"color-primary\">Domicilio: <\/span><\/strong><a href=\"https:\/\/goo.gl\/maps\/K2Gx2CAnE43MHKdM6\" target=\"_blank\" rel=\"noopener\">Calle Wolfgang Amadeus Mozart 5624, La Estancia, 45030 Zapopan, Jal.<\/a><\/p>\n<p><strong><span class=\"color-primary\">Horarios de Atenci\u00f3n: <\/span><\/strong>Lunes &#8211; Viernes: 09 AM &#8211; 14:00 PM Y 16-00 PM &#8211; 18:00 PM<\/p>\n<p>[\/et_pb_text][\/et_pb_column][\/et_pb_row][\/et_pb_section]<\/p>\n","protected":false},"excerpt":{"rendered":"<p>Nuestro sitio se encuentra en mantenimiento Distribuidor Regional de Medidores de Energ\u00eda El\u00e9ctrica con Calidad de Potencia, marca Schneider-ION, mismos que cumplen con toda la normativa vigente de la Comisi\u00f3n Reguladora de Energ\u00eda.\u00a1Cont\u00e1ctanos! kponce@gae-sa.com.mx cotizaciones@gae-sa.com.mx Tel\u00e9fonos: (33) 2976 3267\u00a0(33) 2976 3268 Domicilio: Calle Wolfgang Amadeus Mozart 5624, La Estancia, 45030 Zapopan, Jal. Horarios de Atenci\u00f3n: [&hellip;]<\/p>\n","protected":false},"author":1,"featured_media":21,"parent":0,"menu_order":0,"comment_status":"closed","ping_status":"closed","template":"page-template-blank.php","meta":{"_et_pb_use_builder":"on","_et_pb_old_content":"","_et_gb_content_width":"","footnotes":""},"class_list":["post-9","page","type-page","status-publish","has-post-thumbnail","hentry"],"yoast_head":"<!-- This site is optimized with the Yoast SEO plugin v27.4 - https:\/\/yoast.com\/product\/yoast-seo-wordpress\/ -->\n<title>GAESA - Grupo Asesor Energ\u00e9tico<\/title>\n<meta name=\"description\" content=\"Distribuidor Regional de Medidores de Energ\u00eda El\u00e9ctrica con Calidad de Potencia, marca Schneider-ION, que cumplen con la normativa de la CRE.\" \/>\n<meta name=\"robots\" content=\"index, follow, max-snippet:-1, max-image-preview:large, max-video-preview:-1\" \/>\n<link rel=\"canonical\" href=\"https:\/\/gae-sa.com.mx\/\" \/>\n<meta property=\"og:locale\" content=\"es_ES\" \/>\n<meta property=\"og:type\" content=\"article\" \/>\n<meta property=\"og:title\" content=\"GAESA - Grupo Asesor Energ\u00e9tico\" \/>\n<meta property=\"og:description\" content=\"Distribuidor Regional de Medidores de Energ\u00eda El\u00e9ctrica con Calidad de Potencia, marca Schneider-ION, que cumplen con la normativa de la CRE.\" \/>\n<meta property=\"og:url\" content=\"https:\/\/gae-sa.com.mx\/\" \/>\n<meta property=\"og:site_name\" content=\"GAESA\" \/>\n<meta property=\"article:modified_time\" content=\"2025-02-11T23:06:23+00:00\" \/>\n<meta property=\"og:image\" content=\"https:\/\/gae-sa.com.mx\/wp-content\/uploads\/2025\/02\/Preview.jpg\" \/>\n\t<meta property=\"og:image:width\" content=\"1000\" \/>\n\t<meta property=\"og:image:height\" content=\"1000\" \/>\n\t<meta property=\"og:image:type\" content=\"image\/jpeg\" \/>\n<meta name=\"twitter:card\" content=\"summary_large_image\" \/>\n<meta name=\"twitter:title\" content=\"GAESA - Grupo Asesor Energ\u00e9tico\" \/>\n<meta name=\"twitter:description\" content=\"Distribuidor Regional de Medidores de Energ\u00eda El\u00e9ctrica con Calidad de Potencia, marca Schneider-ION, que cumplen con la normativa de la CRE.\" \/>\n<meta name=\"twitter:image\" content=\"https:\/\/gae-sa.com.mx\/wp-content\/uploads\/2025\/02\/Preview.jpg\" \/>\n<meta name=\"twitter:label1\" content=\"Tiempo de lectura\" \/>\n\t<meta name=\"twitter:data1\" content=\"1 minuto\" \/>\n<script type=\"application\/ld+json\" class=\"yoast-schema-graph\">{\"@context\":\"https:\\\/\\\/schema.org\",\"@graph\":[{\"@type\":\"WebPage\",\"@id\":\"https:\\\/\\\/gae-sa.com.mx\\\/\",\"url\":\"https:\\\/\\\/gae-sa.com.mx\\\/\",\"name\":\"GAESA - Grupo Asesor Energ\u00e9tico\",\"isPartOf\":{\"@id\":\"https:\\\/\\\/gae-sa.com.mx\\\/#website\"},\"primaryImageOfPage\":{\"@id\":\"https:\\\/\\\/gae-sa.com.mx\\\/#primaryimage\"},\"image\":{\"@id\":\"https:\\\/\\\/gae-sa.com.mx\\\/#primaryimage\"},\"thumbnailUrl\":\"https:\\\/\\\/gae-sa.com.mx\\\/wp-content\\\/uploads\\\/2025\\\/02\\\/Preview.jpg\",\"datePublished\":\"2025-02-07T01:17:52+00:00\",\"dateModified\":\"2025-02-11T23:06:23+00:00\",\"description\":\"Distribuidor Regional de Medidores de Energ\u00eda El\u00e9ctrica con Calidad de Potencia, marca Schneider-ION, que cumplen con la normativa de la CRE.\",\"breadcrumb\":{\"@id\":\"https:\\\/\\\/gae-sa.com.mx\\\/#breadcrumb\"},\"inLanguage\":\"es\",\"potentialAction\":[{\"@type\":\"ReadAction\",\"target\":[\"https:\\\/\\\/gae-sa.com.mx\\\/\"]}]},{\"@type\":\"ImageObject\",\"inLanguage\":\"es\",\"@id\":\"https:\\\/\\\/gae-sa.com.mx\\\/#primaryimage\",\"url\":\"https:\\\/\\\/gae-sa.com.mx\\\/wp-content\\\/uploads\\\/2025\\\/02\\\/Preview.jpg\",\"contentUrl\":\"https:\\\/\\\/gae-sa.com.mx\\\/wp-content\\\/uploads\\\/2025\\\/02\\\/Preview.jpg\",\"width\":1000,\"height\":1000},{\"@type\":\"BreadcrumbList\",\"@id\":\"https:\\\/\\\/gae-sa.com.mx\\\/#breadcrumb\",\"itemListElement\":[{\"@type\":\"ListItem\",\"position\":1,\"name\":\"Portada\",\"item\":\"https:\\\/\\\/gae-sa.com.mx\\\/\"},{\"@type\":\"ListItem\",\"position\":2,\"name\":\"Mantenimiento\"}]},{\"@type\":\"WebSite\",\"@id\":\"https:\\\/\\\/gae-sa.com.mx\\\/#website\",\"url\":\"https:\\\/\\\/gae-sa.com.mx\\\/\",\"name\":\"GAESA\",\"description\":\"Grupo Asesor Energ\u00e9tico\",\"potentialAction\":[{\"@type\":\"SearchAction\",\"target\":{\"@type\":\"EntryPoint\",\"urlTemplate\":\"https:\\\/\\\/gae-sa.com.mx\\\/?s={search_term_string}\"},\"query-input\":{\"@type\":\"PropertyValueSpecification\",\"valueRequired\":true,\"valueName\":\"search_term_string\"}}],\"inLanguage\":\"es\"}]}<\/script>\n<!-- \/ Yoast SEO plugin. -->","yoast_head_json":{"title":"GAESA - Grupo Asesor Energ\u00e9tico","description":"Distribuidor Regional de Medidores de Energ\u00eda El\u00e9ctrica con Calidad de Potencia, marca Schneider-ION, que cumplen con la normativa de la CRE.","robots":{"index":"index","follow":"follow","max-snippet":"max-snippet:-1","max-image-preview":"max-image-preview:large","max-video-preview":"max-video-preview:-1"},"canonical":"https:\/\/gae-sa.com.mx\/","og_locale":"es_ES","og_type":"article","og_title":"GAESA - Grupo Asesor Energ\u00e9tico","og_description":"Distribuidor Regional de Medidores de Energ\u00eda El\u00e9ctrica con Calidad de Potencia, marca Schneider-ION, que cumplen con la normativa de la CRE.","og_url":"https:\/\/gae-sa.com.mx\/","og_site_name":"GAESA","article_modified_time":"2025-02-11T23:06:23+00:00","og_image":[{"width":1000,"height":1000,"url":"https:\/\/gae-sa.com.mx\/wp-content\/uploads\/2025\/02\/Preview.jpg","type":"image\/jpeg"}],"twitter_card":"summary_large_image","twitter_title":"GAESA - Grupo Asesor Energ\u00e9tico","twitter_description":"Distribuidor Regional de Medidores de Energ\u00eda El\u00e9ctrica con Calidad de Potencia, marca Schneider-ION, que cumplen con la normativa de la CRE.","twitter_image":"https:\/\/gae-sa.com.mx\/wp-content\/uploads\/2025\/02\/Preview.jpg","twitter_misc":{"Tiempo de lectura":"1 minuto"},"schema":{"@context":"https:\/\/schema.org","@graph":[{"@type":"WebPage","@id":"https:\/\/gae-sa.com.mx\/","url":"https:\/\/gae-sa.com.mx\/","name":"GAESA - Grupo Asesor Energ\u00e9tico","isPartOf":{"@id":"https:\/\/gae-sa.com.mx\/#website"},"primaryImageOfPage":{"@id":"https:\/\/gae-sa.com.mx\/#primaryimage"},"image":{"@id":"https:\/\/gae-sa.com.mx\/#primaryimage"},"thumbnailUrl":"https:\/\/gae-sa.com.mx\/wp-content\/uploads\/2025\/02\/Preview.jpg","datePublished":"2025-02-07T01:17:52+00:00","dateModified":"2025-02-11T23:06:23+00:00","description":"Distribuidor Regional de Medidores de Energ\u00eda El\u00e9ctrica con Calidad de Potencia, marca Schneider-ION, que cumplen con la normativa de la CRE.","breadcrumb":{"@id":"https:\/\/gae-sa.com.mx\/#breadcrumb"},"inLanguage":"es","potentialAction":[{"@type":"ReadAction","target":["https:\/\/gae-sa.com.mx\/"]}]},{"@type":"ImageObject","inLanguage":"es","@id":"https:\/\/gae-sa.com.mx\/#primaryimage","url":"https:\/\/gae-sa.com.mx\/wp-content\/uploads\/2025\/02\/Preview.jpg","contentUrl":"https:\/\/gae-sa.com.mx\/wp-content\/uploads\/2025\/02\/Preview.jpg","width":1000,"height":1000},{"@type":"BreadcrumbList","@id":"https:\/\/gae-sa.com.mx\/#breadcrumb","itemListElement":[{"@type":"ListItem","position":1,"name":"Portada","item":"https:\/\/gae-sa.com.mx\/"},{"@type":"ListItem","position":2,"name":"Mantenimiento"}]},{"@type":"WebSite","@id":"https:\/\/gae-sa.com.mx\/#website","url":"https:\/\/gae-sa.com.mx\/","name":"GAESA","description":"Grupo Asesor Energ\u00e9tico","potentialAction":[{"@type":"SearchAction","target":{"@type":"EntryPoint","urlTemplate":"https:\/\/gae-sa.com.mx\/?s={search_term_string}"},"query-input":{"@type":"PropertyValueSpecification","valueRequired":true,"valueName":"search_term_string"}}],"inLanguage":"es"}]}},"_links":{"self":[{"href":"https:\/\/gae-sa.com.mx\/index.php\/wp-json\/wp\/v2\/pages\/9","targetHints":{"allow":["GET"]}}],"collection":[{"href":"https:\/\/gae-sa.com.mx\/index.php\/wp-json\/wp\/v2\/pages"}],"about":[{"href":"https:\/\/gae-sa.com.mx\/index.php\/wp-json\/wp\/v2\/types\/page"}],"author":[{"embeddable":true,"href":"https:\/\/gae-sa.com.mx\/index.php\/wp-json\/wp\/v2\/users\/1"}],"replies":[{"embeddable":true,"href":"https:\/\/gae-sa.com.mx\/index.php\/wp-json\/wp\/v2\/comments?post=9"}],"version-history":[{"count":8,"href":"https:\/\/gae-sa.com.mx\/index.php\/wp-json\/wp\/v2\/pages\/9\/revisions"}],"predecessor-version":[{"id":28,"href":"https:\/\/gae-sa.com.mx\/index.php\/wp-json\/wp\/v2\/pages\/9\/revisions\/28"}],"wp:featuredmedia":[{"embeddable":true,"href":"https:\/\/gae-sa.com.mx\/index.php\/wp-json\/wp\/v2\/media\/21"}],"wp:attachment":[{"href":"https:\/\/gae-sa.com.mx\/index.php\/wp-json\/wp\/v2\/media?parent=9"}],"curies":[{"name":"wp","href":"https:\/\/api.w.org\/{rel}","templated":true}]}}